002
In base 14, what is 35 + -35b7?
-3582
In base 9, what is 512152 - -1?
512153
In base 15, what is 0 + -489c?
-489c
In base 13, what is -178 - 20?
-198
In base 6, what is -21 - 13250?
-13311
In base 15, what is -343c - b?
-3448
In base 14, what is dd7 - 3c?
d99
In base 3, what is -1002200221 - -20222?
-1002102222
In base 12, what is -9538a6 - 2?
-9538a8
In base 15, what is 4 + -91d6?
-91d2
In base 2, what is 101 + -10111101100111010101?
-10111101100111010000
In base 15, what is -6e - 77c?
-7eb
In base 9, what is -65340 + 0?
-65340
In base 12, what is 322 + -541?
-21b
In base 2, what is -1 - 100111100101010000?
-100111100101010001
In base 5, what is -4140 - 141?
-4331
In base 14, what is 6 - 12766?
-12760
In base 3, what is -10 + -2020002212?
-2020002222
In base 2, what is -111101010111 - -1110000?
-111011100111
In base 7, what is 3 + -40512?
-40506
In base 9, what is -31 - 3?
-34
In base 7, what is 206 - -32333?
32542
In base 6, what is -21 + 2512133?
2512112
In base 5, what is -100 - -122133?
122033
In base 4, what is 3200 - -330?
10130
In base 13, what is -27a870 - -4?
-27a869
In base 8, what is -21450 + 0?
-21450
In base 16, what is -3 - 38a5?
-38a8
In base 6, what is -540033 - 13?
-540050
In base 8, what is 1041 + 170?
1231
In base 8, what is 21 - -247336?
247357
In base 3, what is 100221112021 + -2?
100221112012
In base 5, what is 104343133 + 12?
104343200
In base 12, what is -24 + -11b?
-143
In base 12, what is -a0 + -1092?
-1172
In base 16, what is 5c + -daf?
-d53
In base 14, what is 287d - 5?
2878
In base 14, what is 5ca - 68?
562
In base 2, what is 1010111111010011 - 100001?
1010111110110010
In base 5, what is -4304011 - 1?
-4304012
In base 16, what is 23dff - 1?
23dfe
In base 8, what is -14547 - -13?
-14534
In base 16, what is -1566 - -4a?
-151c
In base 7, what is -42 + -1456?
-1531
In base 10, what is 6574 + -10?
6564
In base 10, what is -10 - -5139?
5129
In base 15, what is -4 - 2d12?
-2d16
In base 14, what is -6 + dc28?
dc22
In base 8, what is -34 - 5013?
-5047
In base 15, what is -203 - -8?
-1ea
In base 11, what is 11 - -6a7?
708
In base 6, what is 2534403 + 4?
2534411
In base 6, what is -330200 + -5?
-330205
In base 5, what is 3 - -402141?
402144
In base 12, what is b4592 + -15?
b4579
In base 14, what is -96d - 8?
-977
In base 4, what is 11110200 + 1?
11110201
In base 11, what is 233 - -1?
234
In base 6, what is -31 - -24014?
23543
In base 13, what is aa - -14177?
14254
In base 14, what is 317 - -1a4?
4bb
In base 9, what is -50603 - 73?
-50676
In base 2, what is -10010 + 100010010100?
100010000010
In base 3, what is 1202112 + 12011?
1221200
In base 16, what is 800 + -4?
7fc
In base 4, what is 111001 + 132200?
303201
In base 4, what is -23 + -1033123?
-1033212
In base 14, what is -5d2b1 + 7?
-5d2a8
In base 3, what is -100020 + -112?
-100202
In base 4, what is 3 + 112110103?
112110112
In base 15, what is -1185 + -1aa?
-1340
In base 16, what is -2e90 + 2?
-2e8e
In base 2, what is -11101011001 + -11000?
-11101110001
In base 2, what is 1001001001 - 11001111?
101111010
In base 16, what is ab2 - -68?
b1a
In base 9, what is 244 + 1347?
1602
In base 5, what is 242 - 4220?
-3423
In base 15, what is 67 - 1b?
4b
In base 8, what is 13655 - -361?
14236
In base 13, what is -8cc + -ab?
-9aa
In base 15, what is -3 - 1b619?
-1b61c
In base 12, what is -1ba9 - -128?
-1a81
In base 5, what is -11243110 + -12?
-11243122
In base 5, what is 4 + -324214?
-324210
In base 11, what is 4 + -3724?
-3720
In base 6, what is -3 + -22355153?
-22355200
In base 3, what is 12 - 11101121022?
-11101121010
In base 9, what is 363 + 15?
378
In base 12, what is a + 10727?
10735
In base 3, what is -11022 + 1022201?
1011102
In base 3, what is -1 - -10021?
10020
In base 7, what is 1 + 2432465?
2432466
In base 11, what is 32279 - 38?
32241
In base 10, what is 10 + 573?
583
In base 13, what is 623 - 17c?
474
In base 11, what is 5 - 166216?
-166211
In base 9, what is 7552761 - 2?
7552758
In base 4, what is 1103102 + 0?
1103102
In base 9, what is -11 - 34354?
-34365
In base 2, what is 11001100001101 + -11?
11001100001010
In base 16, what is 4074 + -d?
4067
In base 6, what is 24313 - 13?
24300
In base 2, what is -1000101100011010 + -1?
-1000101100011011
In base 6, what is 15040 - -543?
20023
In base 5, what is 4244 - 3224?
1020
In base 10, what is 3 + -194607?
-194604
In base 13, what is 397 + 20?
3b7
In base 4, what is 1111122 - -1101?
1112223
In base 4, what is 23302022 + 32?
23302120
In base 9, what is -536883 - 4?
-536887
In base 7, what is -555 - -5?
-550
In base 15, what is 4d + e72?
ec0
In base 2, what is 100001 - -10110100?
11010101
In base 14, what is -6 + 40cb0?
40ca8
In base 13, what is acca - -7?
b004
In base 11, what is -204 + -13911?
-14015
In base 14, what is 2 + -429c6?
-429c4
In base 3, what is -10010101220 + -111?
-10010102101
In base 4, what is -130 - -2013221?
2013031
In base 15, what is -1 - -142e3?
142e2
In base 15, what is -a3d + 146?
-8e7
In base 10, what is 4243 - -528?
4771
In base 15, what is 567d0 - 0?
567d0
In base 11, what is 6605198 - -5?
66051a2
In base 10, what is -2668 + -4?
-2672
In base 2, what is 10011111100100 + -100?
10011111100000
In base 16, what is 2 + 28b9?
28bb
In base 4, what is -2230 - -12220?
3330
In base 7, what is -144 - -5134?
4660
In base 15, what is -bdc - 1ea?
-dd7
In base 6, what is -10240 - 20?
-10300
In base 6, what is 3 + -13351352?
-13351345
In base 2, what is -110 + -11011110110?
-11011111100
In base 2, what is -10001101010 - 110101011?
-11000010101
In base 11, what is aa + 1211?
1310
In base 8, what is -101305 - 0?
-101305
In base 8, what is 0 + 127?
127
In base 13, what is -15 - -4a3a?
4a25
In base 8, what is -10115 - -174?
-7721
In base 15, what is 21345 + -3?
21342
In base 12, what is -aa + 505?
417
In base 13, what is -c268 + 1?
-c267
In base 2, what is 1000011010011 + -1001?
1000011001010
In base 2, what is -1111 - -10111010101?
10111000110
In base 9, what is 18702184 - -4?
18702188
In base 5, what is -104420432 + 10?
-104420422
In base 5, what is 1313341 - -102?
1313443
In base 5, what is 11041443 - -11?
11042004
In base 2, what is -1000110010001 + -100101?
-1000110110110
In base 6, what is 1101541 + 21?
1102002
In base 9, what is -17 + -784?
-812
In base 7, what is 313 + 262?
605
In base 16, what is -3 - 95d5c?
-95d5f
In base 8, what is 3 + 72643?
72646
In base 11, what is -7a3 + 13?
-790
In base 16, what is 17c16e - -2?
17c170
In base 4, what is 10030021312 + 0?
10030021312
In base 3, what is -1 - 1121201100010?
-1121201100011
In base 4, what is -101 - 3010200?
-3010301
In base 6, what is 22542 - 3?
22535
In base 4, what is 10331322 - -23?
10332011
In base 9, what is 21148 - 143?
21005
In base 10, what is 8 + 880?
888
In base 16, what is d - 24c?
-23f
In base 15, what is -b352d + -4?
-b3532
In base 3, what is 2220000 - -121210?
10111210
In base 5, what is 4 + 313142122?
313142131
In base 16, what is -25 + -167e?
-16a3
In base 15, what is -2 + -c99b7?
-c99b9
In base 16, what is 3a21 - -29?
3a4a
In base 3, what is -1 + 10000002220?
10000002212
In base 11, what is -3782 + -3a0?
-4072
In base 11, what is 404 + -9a?
315
In base 3, what is -1012112 - 111120?
-1201002
In base 2, what is -100 - 1001001001111010111?
-1001001001111011011
In base 7, what is -14351 - 1?
-14352
In base 8, what is 7257 + -1627?
5430
In base 5, what is 13104 - -133443?
202102
In base 2, what is 1101000110011 - 1?
1101000110010
In base 12, what is 1 - 3b70?
-3b6b
In base 16, what is 50b + 4?
50f
In base 10, what is -2 + -13494?
-13496
In base 3, what is -10012110 - -1?
-10012102
In base 3, what is 12210102 - -1012?
12211121
In base 12, what is 3174 + -1?
3173
In base 3, what is 11 + 11112200?
11112211
In base 15, what is 8225 + -5?
8220
In base 8, what is -3232 + 22?
-3210
In base 6, what is -103 - -51523?
51420
In base 13, what is -1613895 + -4?
-1613899
In base 11, what is -1465 - -30?
-1435
In base 13, what is -420 + 1763?
1343
In base 6, what is -4200 - 212?
-4412
In base 12, what is -2a97 - -9?
-2a8a
In base 3, what is -120200120 + 112?
-120200001
In base 12, what is 0 - -b49a1?
b49a1
In base 14, what is 170db - -1?
170dc
In base 10, what is 622293 + -1?
622292
In base 9, what is -7 + 65546?
65538
In base 10, what is -1261863 + -2?
-